**2 - 7*p + 3. Let h be c(-6). Suppose 4*j + 4605 = h*j. Is j a prime number?
False
Let u(f) = 301*f + 19. Let k be u(10). Let o = k + -906. Is o a composite number?
True
Is 3*(-3)/15 - (-207648)/105 a prime number?
False
Suppose g = 5*g + 2*j - 156992, 0 = -5*j + 10. Is g prime?
False
Let p(y) = 91*y**2 - 28*y - 185. Is p(-18) composite?
False
Let l(i) = -i**3 - 6*i**2 + 3*i + 4. Let b be l(-6). Let m be 8280/b + 12/(-21). Let y = m - -846. Is y a prime number?
False
Let l(x) = 2*x**2 + 11*x + 6. Let q be l(-6). Let k be 16/2 - q/(-12). Let m(n) = 2*n**3 - 3*n**2 - 6*n + 8. Is m(k) composite?
True
Is (-375)/(-2) + 10/(-20) composite?
True
Suppose 2 = r + h - 1, -2*r - 3*h = -7. Is (r*(-8)/12)/((-6)/4491) prime?
False
Let z(i) = -4911*i + 6. Let l be z(-1). Suppose 0 = 4*r - l - 5519. Is r a composite number?
False
Suppose 11*y = 2*y. Suppose 3*l + h - 1642 = 0, 0*h + h - 1 = y. Is l a composite number?
False
Suppose 5*n + 5*x + 1273 + 2452 = 0, 0 = 2*n + 3*x + 1485. Suppose 396 = -3*b + b + y, -2*y = b + 193. Let o = b - n. Is o prime?
False
Let z(q) be the first derivative of -q**4/4 + 5*q**3/3 + q**2 + 7*q + 2. Is z(3) prime?
True
Let p be (16/28)/(2/7). Is (-4737 + 0 - p)/(-1) prime?
False
Let d = 1105 + -1774. Let y be 4904/6*(-6)/(-4). Let o = d + y. Is o a composite number?
False
Suppose 4*w = -3*l + 17, w + 3*l = 2 - 0. Suppose -w*y + 5*x = 5, -6*x + x + 17 = -2*y. Suppose 9*a - y*a - 105 = 0. Is a a prime number?
False
Let p(l) = -5*l**3 + 13*l**2 + 2*l + 3. Let x(m) = 9*m**3 - 25*m**2 - 5*m - 5. Let h(g) = 11*p(g) + 6*x(g). Suppose -z - 1 = 6. Is h(z) a composite number?
False
Let t(u) = 43*u**3 + 3*u - 3. Let b be t(2). Let q = b + -182. Suppose -c - q = -6*c. Is c composite?
True
Suppose -14*y + 12*y = -n + 4171, -y + 16711 = 4*n. Is n a composite number?
False
Let f = -18 - -16. Is -3 - (-129*f/3)/(-1) prime?
True
Let x = 2605 + 2230. Is x a prime number?
False
Let m = 39 - 28. Let w be (-2 - -29)*m*1. Suppose -r + 936 = 2*r - 3*k, r = -2*k + w. Is r prime?
True
Suppose -r + 9300 = 5*r. Suppose -5*n = -25, 305 = 5*h + 4*n - r. Is h a composite number?
False
Let q(w) = 1767*w + 59. Is q(2) a composite number?
False
Suppose g + 6*g + 588 = 0. Suppose 2*u = -l + 3*l + 11214, 0 = -4*l - 2*u - 22410. Is (-2)/(-7) + l/g a prime number?
True
Let w(p) be the first derivative of 9*p**4/4 - 5*p**3/3 - 2*p**2 + 5*p - 5. Is w(4) a composite number?
True
Suppose 11*g = 6648 + 12635. Is g a composite number?
False
Let h = 2 + -8. Is 303*(3 + 14/h) a prime number?
False
Suppose x + 2 = -x. Let w be x*(-6)/15*40. Let p(i) = 4*i**2 - 16*i + 17. Is p(w) prime?
False
Let w be 42/4*-12*(-20)/(-45). Is 2/(-8) + (-14406)/w prime?
True
Is (-22366)/(-10) + (-6)/180*-12 a composite number?
False
Let r = 33145 + -12552. Is r composite?
False
Is (-6 - -4 - -1)/(2/(-11794)) composite?
False
Let o be 39/12*-2*2. Let p = o - -11. Is (89/5)/(p/(-10)) prime?
True
Let w be (3/5)/((-19)/(-95)). Suppose 5*n + 0*s - 600 = s, -3*s - 372 = -w*n. Is n composite?
True
Is (-221453)/(-3) - 504/(-378) a prime number?
True
Suppose -3*d + 2305 = 5*j - 2681, -4*d + 2*j = -6622. Is d prime?
True
Let q(r) = 90*r + 15. Let b be q(7). Suppose -596 - b = -4*o - 5*z, -3*o + 939 = z. Is o composite?
True
Let i(y) = y**2 + 8*y - 1. Let u be i(-9). Let q(k) = 47*k + 1. Let h be q(u). Suppose 8 = 5*o - h. Is o a prime number?
False
Suppose -f + 2*b + 10379 = 0, 0 = f + 28*b - 29*b - 10379. Is f a composite number?
True
Suppose 0 = 4*a - 6 - 14. Suppose 0 = 3*c + 2*w - 771, 2*c - a*w = 332 + 201. Is c composite?
True
Let g be -5 + 3 + -2 + -17. Let s(d) = d**3 + 23*d**2 - 30*d + 23. Is s(g) prime?
False
Is (-31856)/(-16 - -8) + 7 prime?
True
Let y(j) = 11*j - 2*j**2 + 44 + j**3 + 16*j**2 - 21. Is y(-12) a composite number?
False
Let y be ((-16)/20)/2*80. Let q be (-4 + 18)/((-2)/y). Suppose -5*n = -4*z + q, -2*z - 6*n + n = -82. Is z composite?
True
Let y(x) = 64*x**2 - 4*x + 13. Is y(6) composite?
False
Suppose -3*l + 6 = 2*a - 24, 4*l - 2*a - 26 = 0. Suppose -l*j + 20 = -3*j. Suppose j*z - 2*z + 1666 = 4*i, 1251 = 3*i - 2*z. Is i prime?
False
Suppose 15*z - 18 = 9*z. Suppose 5*y + 3*d - 5461 = 5155, -4*y = z*d - 8494. Is y a prime number?
False
Suppose -9*r - 158 = -32. Let p(h) = h**2 + 9*h - 13. Is p(r) prime?
False
Let l(r) = 12*r - 2. Let p(o) = o**2 - 4*o + 4. Let y be p(2). Suppose k = -y*k + 8. Is l(k) prime?
False
Let l = -116 + 121. Suppose -5*n = 5*r - 9865, 2*n = -l*r + 3*n + 9865. Is r a composite number?
False
Let n be (-1)/(-3 - 2282/(-761)). Let u = -483 + n. Suppose -r = -u + 21. Is r a prime number?
True
Suppose 11127 = -7*a + 10*a. Is a prime?
True
Let l be 270/4 + 14/28. Suppose -l - 224 = -h. Let t = h - 189. Is t a prime number?
True
Let n(s) = -s**2 - 4*s. Let b be n(-2). Suppose b*a = -0*m + 3*m + 715, -a + 183 = -5*m. Is a composite?
True
Suppose -4*a + 2374 = 2*x, 3*a + 1341 = 2*x - 1012. Is x prime?
True
Suppose -4*o - 2*k = 21304, 10644 = 4*o - 6*o + k. Let l = -3375 - o. Is l prime?
True
Let k = -431 - -265. Let g(v) = -v**3 - 4*v**2 + 6. Let m be g(-3). Is (k/6)/(1/m) a composite number?
False
Suppose 10*g = 6*g + 8868. Is g composite?
True
Let z(k) = k**3 - 34*k**2 - 9*k - 63. Is z(41) a prime number?
False
Let i(k) = 831*k**2 - 57*k - 601. Is i(-12) prime?
True
Let p = 3885 - 2046. Is p a composite number?
True
Suppose 4*t = -5*l + 12601, -2*l - 9445 = -2*t - t. Is t prime?
False
Let l = 16 + 4. Let r be 5/l - (-3542)/8. Let w = -62 + r. Is w composite?
True
Let p = -24 - -41. Let j be 2 + 3 + -13 + -13 + 180. Suppose p*a - 18*a + j = 0. Is a composite?
True
Suppose 35*s - 36*s = -6782. Let j = -4015 + s. Is j a composite number?
False
Let l = 25014 - 11411. Is l a composite number?
True
Suppose -85822 = -9*o - 18979. Is o composite?
True
Let v be 81 - (1 + -1) - (59 - 55). Let n = 280 - v. Is n a composite number?
True
Let q = 628 - -219. Suppose -2*i = -q + 153. Is i composite?
False
Suppose 3418 = 4*h - 2*x, 2*h - 1694 = -2*x - 2*x. Is h prime?
True
Is (37*27 + -1)*28/56 a prime number?
True
Suppose 2*v - 2 = v. Is ((-1191)/(-12))/(v/8) composite?
False
Let s be ((-7)/(-126)*6)/(2/84). Suppose s*a - 16*a = -158. Is a a composite number?
False
Suppose -21*d + 137898 = 5871. Is d a composite number?
False
Suppose -2*d = 3*j - 19, -j + 2*d - 2 = d. Suppose -4*l = 5*x - 1771, j*x - 4*x - 903 = -2*l. Is l a prime number?
True
Let n(r) = 2521*r**2 + 29*r + 1. Is n(4) composite?
True
Suppose 4*s - 2 + 3 = -3*j, 4*j - 8 = -3*s. Let m be 30/12*388/j. Suppose 0 = -u + m - 3. Is u a composite number?
False
Let r be (-8040)/8*1/(-1). Let d = -712 + r. Is d composite?
False
Suppose -2*j + 8*j = -306. Is 1 + 4/(-3) - 37910/j a prime number?
True
Let r be 4 - 0*2/(-8). Suppose -r*d = t - 165, -4*t + 5*d = -3*t - 120. Is t a prime number?
False
Let d(q) = q**2 + q - 5. Let p be d(-3). Let m be 14 + 3 + p/1. Is ((-106)/(-6))/(6/m) composite?
False
Let o(l) = 1128*l + 163. Is o(9) composite?
True
Is (-1 + 2)*15022/28*2 composite?
True
Let s(r) = 478*r - 3. Suppose 2*c - 6 = -3*y + 10, -5*y + 5 = -c. Is s(y) prime?
True
Suppose 10*c - 136 = 2*c. Suppose -c*j + 13234 = -4*j. Is j a composite number?
True
Let z be -2*(1 + 1)*1/2. Is ((-1)/z)/(8/3472) a composite number?
True
Suppose a + 2*a = 51. Let s = a - 14. Suppose -24 = -5*u - 9, -g + 436 = s*u. Is g composite?
True
Let w = 185 - 124. Let d = w + 98. Suppose 5*b - d = 2*b. Is b prime?
True
Let u(d) = -d**2 + 3*d + 4. Let t be u(5). Let z be 1/t - 2509/(-6). Suppose 4*g - z = 234. Is g composite?
False
Let t be (2 + 0)*7 - 4. Suppose -3*i = k - 17, 11 = -k + t. Is i a composite number?
True
Is (-738 - -5)*(-6*16 - 1) composite?
True
Let y = 147 + -64. Let v = y + -9. Let z = v + -40. Is z prime?
False
Let k(d) be the second derivative of 5*d**4/2 - 5*d**3/3 - 9*d**2/2 - 15*d + 2. Is k(8) prime?
True
Suppose -3*k + 23354 = -4*h, 3*h = 5*k - 0*h - 38905. Is k a composite number?
True
Let b = -563 - -1148. Is b/(4 + -1) - 1 prime?
False
Let c(l) = -58*l**2 - 6*l - 1. Let u(x) = -59*x**2 - 7*x. Let g(f) = -5*c(f) + 4*u(f). Is g(4) prime?
True
Let b(m) = 491*m - 9. Is b(5) a prime number?
False
Let v = 37126 + -13709. Is v prime?
True
Let z(g) = 4*g + 6. Let c be z(-5). Let r = c + 14. Is (-3 - -190) + (r - 2) compos